{"id":3721,"date":"2021-02-19T10:48:51","date_gmt":"2021-02-19T13:48:51","guid":{"rendered":"https:\/\/csjmestrada-ers.infd.edu.ar\/sitio\/?page_id=3721"},"modified":"2024-10-16T09:40:41","modified_gmt":"2024-10-16T12:40:41","slug":"profesorado-para-la-educacion-secundaria-en-fisica","status":"publish","type":"page","link":"https:\/\/csjmestrada-ers.infd.edu.ar\/sitio\/profesorado-para-la-educacion-secundaria-en-fisica\/","title":{"rendered":"Profesorado para la Educaci\u00f3n Secundaria en F\u00edsica"},"content":{"rendered":"<div class=\"wp-block-image\">\n<figure class=\"aligncenter size-full\"><img decoding=\"async\" loading=\"lazy\" width=\"1365\" height=\"341\" src=\"https:\/\/csjmestrada-ers.infd.edu.ar\/sitio\/wp-content\/uploads\/2024\/02\/10.png\" alt=\"\" class=\"wp-image-11101\" srcset=\"https:\/\/csjmestrada-ers.infd.edu.ar\/sitio\/wp-content\/uploads\/2024\/02\/10.png 1365w, https:\/\/csjmestrada-ers.infd.edu.ar\/sitio\/wp-content\/uploads\/2024\/02\/10-1000x250.png 1000w, https:\/\/csjmestrada-ers.infd.edu.ar\/sitio\/wp-content\/uploads\/2024\/02\/10-768x192.png 768w, https:\/\/csjmestrada-ers.infd.edu.ar\/sitio\/wp-content\/uploads\/2024\/02\/10-1200x300.png 1200w, https:\/\/csjmestrada-ers.infd.edu.ar\/sitio\/wp-content\/uploads\/2024\/02\/10-620x155.png 620w, https:\/\/csjmestrada-ers.infd.edu.ar\/sitio\/wp-content\/uploads\/2024\/02\/10-400x100.png 400w\" sizes=\"(max-width: 1365px) 100vw, 1365px\" \/><\/figure><\/div>\n\n\n<p> <p><strong>Duraci\u00f3n:\u00a0<\/strong>4 a\u00f1os.<\/p><p><strong>T\u00edtulo que se otorga:<\/strong>\u00a0Profesor de Educaci\u00f3n Secundaria en F\u00edsica<\/p><p><strong>Contenidos:\u00a0<\/strong>la carrera se organiza en torno a campos: Campo de la\u00a0<strong>Formaci\u00f3n general<\/strong>, campo de la\u00a0<strong>Formaci\u00f3n Espec\u00edfica<\/strong>, y de la formaci\u00f3n en la\u00a0<strong>Pr\u00e1ctica Profesional<\/strong>. Cada campo contiene unidades curriculares con diferentes formatos; asignaturas, talleres y seminarios.<\/p> <\/p>\n\n\n\n<figure class=\"wp-block-embed is-type-video is-provider-youtube wp-block-embed-youtube wp-embed-aspect-16-9 wp-has-aspect-ratio\"><div class=\"wp-block-embed__wrapper\">\n<iframe loading=\"lazy\" title=\"Profesorado de Educaci\u00f3n Secundaria en F\u00edsica\" width=\"1200\" height=\"675\" src=\"https:\/\/www.youtube.com\/embed\/gCI9HbsMH7Q?feature=oembed\" frameborder=\"0\" allow=\"accelerometer; autoplay; clipboard-write; encrypted-media; gyroscope; picture-in-picture; web-share\" allowfullscreen><\/iframe>\n<\/div><\/figure>\n\n\n\n<div class=\"wp-block-columns is-layout-flex wp-container-2\">\n<div class=\"wp-block-column is-vertically-aligned-center is-layout-flow\">\n<p class=\"has-text-align-center has-base-3-color has-accent-background-color has-text-color has-background has-medium-font-size\"><strong>Plan de estudio<\/strong><\/p>\n\n\n\n<figure class=\"wp-block-table is-style-stripes\"><table><tbody><tr><td><strong>Descargar PLAN DE ESTUDIO | Resoluci\u00f3n N\u00b0 0758\/14 CGE<\/strong> <strong>\u2013 Modf. Res. N\u00b0 0146\/15 CGE<\/strong><\/td><td class=\"has-text-align-center\" data-align=\"center\"><a href=\"https:\/\/csjmestrada-ers.infd.edu.ar\/sitio\/wp-content\/uploads\/2023\/04\/Plan-de-Estudio-Profesorado-en-Fisica-1.pdf\" target=\"_blank\" rel=\"noreferrer noopener\"><img decoding=\"async\" loading=\"lazy\" width=\"512\" height=\"512\" class=\"wp-image-7346\" style=\"width: 60px;\" src=\"https:\/\/csjmestrada-ers.infd.edu.ar\/sitio\/wp-content\/uploads\/2022\/12\/2932728.png\" alt=\"\" srcset=\"https:\/\/csjmestrada-ers.infd.edu.ar\/sitio\/wp-content\/uploads\/2022\/12\/2932728.png 512w, https:\/\/csjmestrada-ers.infd.edu.ar\/sitio\/wp-content\/uploads\/2022\/12\/2932728-500x500.png 500w\" sizes=\"(max-width: 512px) 100vw, 512px\" \/><\/a><\/td><\/tr><\/tbody><\/table><\/figure>\n<\/div>\n<\/div>\n\n\n\n<figure class=\"wp-block-table is-style-stripes\"><table class=\"has-accent-color has-text-color\"><tbody><tr><td class=\"has-text-align-center\" data-align=\"center\"><\/td><td><strong>Primer a\u00f1o<\/strong><\/td><td class=\"has-text-align-center\" data-align=\"center\"><strong>Horas c\u00e1tedras semanales<\/strong><\/td><\/tr><tr><td class=\"has-text-align-center\" data-align=\"center\">1<\/td><td>Pedagog\u00eda<\/td><td class=\"has-text-align-center\" data-align=\"center\">3<\/td><\/tr><tr><td class=\"has-text-align-center\" data-align=\"center\">2<\/td><td>Corporeidad, Juego y Lenguajes Art\u00edsticos<\/td><td class=\"has-text-align-center\" data-align=\"center\">3<\/td><\/tr><tr><td class=\"has-text-align-center\" data-align=\"center\">3<\/td><td>Oralidad, Lectura, Escritura y TIC<\/td><td class=\"has-text-align-center\" data-align=\"center\">3<\/td><\/tr><tr><td class=\"has-text-align-center\" data-align=\"center\">4<\/td><td>Did\u00e1ctica General<\/td><td class=\"has-text-align-center\" data-align=\"center\">3<\/td><\/tr><tr><td class=\"has-text-align-center\" data-align=\"center\">5<\/td><td>Fen\u00f3menos Mec\u00e1nicos I<\/td><td class=\"has-text-align-center\" data-align=\"center\">4<\/td><\/tr><tr><td class=\"has-text-align-center\" data-align=\"center\">6<\/td><td>Matem\u00e1tica I<\/td><td class=\"has-text-align-center\" data-align=\"center\">4<\/td><\/tr><tr><td class=\"has-text-align-center\" data-align=\"center\">7<\/td><td>Fundamentos de la Qu\u00edmica F\u00edsica<\/td><td class=\"has-text-align-center\" data-align=\"center\">3<\/td><\/tr><tr><td class=\"has-text-align-center\" data-align=\"center\">8<\/td><td>Biolog\u00eda<\/td><td class=\"has-text-align-center\" data-align=\"center\">3<\/td><\/tr><tr><td class=\"has-text-align-center\" data-align=\"center\">9<\/td><td>Ciencias de la Tierra<\/td><td class=\"has-text-align-center\" data-align=\"center\">3<\/td><\/tr><tr><td class=\"has-text-align-center\" data-align=\"center\">10<\/td><td>Pr\u00e1ctica Docente I<\/td><td class=\"has-text-align-center\" data-align=\"center\">4<\/td><\/tr><tr><td class=\"has-text-align-center\" data-align=\"center\"><\/td><td><strong>Segundo a\u00f1o<\/strong><\/td><td class=\"has-text-align-center\" data-align=\"center\"><strong>Horas c\u00e1tedras semanales<\/strong><\/td><\/tr><tr><td class=\"has-text-align-center\" data-align=\"center\">11<\/td><td>Filosof\u00eda<\/td><td class=\"has-text-align-center\" data-align=\"center\">3<\/td><\/tr><tr><td class=\"has-text-align-center\" data-align=\"center\">12<\/td><td>Historia Social y Pol\u00edtica Argentina y Latinoamericana<\/td><td class=\"has-text-align-center\" data-align=\"center\">3<\/td><\/tr><tr><td class=\"has-text-align-center\" data-align=\"center\">13<\/td><td>Psicolog\u00eda Educacional<\/td><td class=\"has-text-align-center\" data-align=\"center\">3<\/td><\/tr><tr><td class=\"has-text-align-center\" data-align=\"center\">14<\/td><td>Educaci\u00f3n Sexual Integral<\/td><td class=\"has-text-align-center\" data-align=\"center\">2<\/td><\/tr><tr><td class=\"has-text-align-center\" data-align=\"center\">15<\/td><td>Fen\u00f3menos Mec\u00e1nicos II<\/td><td class=\"has-text-align-center\" data-align=\"center\">4<\/td><\/tr><tr><td class=\"has-text-align-center\" data-align=\"center\">16<\/td><td>Fen\u00f3menos Termodin\u00e1micos<\/td><td class=\"has-text-align-center\" data-align=\"center\">4<\/td><\/tr><tr><td class=\"has-text-align-center\" data-align=\"center\">17<\/td><td>Matem\u00e1tica II<\/td><td class=\"has-text-align-center\" data-align=\"center\">4<\/td><\/tr><tr><td class=\"has-text-align-center\" data-align=\"center\">18<\/td><td>Did\u00e1ctica de las Ciencias Naturales<\/td><td class=\"has-text-align-center\" data-align=\"center\">3<\/td><\/tr><tr><td class=\"has-text-align-center\" data-align=\"center\">19<\/td><td>Sujeto de la Educaci\u00f3n Secundaria<\/td><td class=\"has-text-align-center\" data-align=\"center\">3<\/td><\/tr><tr><td class=\"has-text-align-center\" data-align=\"center\">20<\/td><td>Pr\u00e1ctica Docente II<\/td><td class=\"has-text-align-center\" data-align=\"center\">4<\/td><\/tr><tr><td class=\"has-text-align-center\" data-align=\"center\"><\/td><td><strong>Tercer a\u00f1o<\/strong><\/td><td class=\"has-text-align-center\" data-align=\"center\"><strong>Horas c\u00e1tedras semanales<\/strong><\/td><\/tr><tr><td class=\"has-text-align-center\" data-align=\"center\">21<\/td><td>An\u00e1lisis y organizaci\u00f3n de las Instituciones Educativas<\/td><td class=\"has-text-align-center\" data-align=\"center\">3<\/td><\/tr><tr><td class=\"has-text-align-center\" data-align=\"center\">22<\/td><td>Historia de la Educaci\u00f3n Argentina<\/td><td class=\"has-text-align-center\" data-align=\"center\">3<\/td><\/tr><tr><td class=\"has-text-align-center\" data-align=\"center\">23<\/td><td>Sociolog\u00eda de la Educaci\u00f3n<\/td><td class=\"has-text-align-center\" data-align=\"center\">3<\/td><\/tr><tr><td class=\"has-text-align-center\" data-align=\"center\">24<\/td><td>Fen\u00f3menos Ondulatorios<\/td><td class=\"has-text-align-center\" data-align=\"center\">4<\/td><\/tr><tr><td class=\"has-text-align-center\" data-align=\"center\">25<\/td><td>Fen\u00f3menos El\u00e9ctricos y Magn\u00e9ticos<\/td><td class=\"has-text-align-center\" data-align=\"center\">4<\/td><\/tr><tr><td class=\"has-text-align-center\" data-align=\"center\">26<\/td><td>Epistemolog\u00eda de la F\u00edsica<\/td><td class=\"has-text-align-center\" data-align=\"center\">3<\/td><\/tr><tr><td class=\"has-text-align-center\" data-align=\"center\">27<\/td><td>Did\u00e1ctica de la F\u00edsica<\/td><td class=\"has-text-align-center\" data-align=\"center\">3<\/td><\/tr><tr><td class=\"has-text-align-center\" data-align=\"center\">28<\/td><td>UDI: Investigaci\u00f3n de las Ciencias Naturales<\/td><td class=\"has-text-align-center\" data-align=\"center\">3<\/td><\/tr><tr><td class=\"has-text-align-center\" data-align=\"center\">29<\/td><td>Pr\u00e1ctica Docente III<\/td><td class=\"has-text-align-center\" data-align=\"center\">6<\/td><\/tr><tr><td class=\"has-text-align-center\" data-align=\"center\"><\/td><td><strong>Cuarto a\u00f1o<\/strong><\/td><td class=\"has-text-align-center\" data-align=\"center\"><strong>Horas c\u00e1tedras semanales<\/strong><\/td><\/tr><tr><td class=\"has-text-align-center\" data-align=\"center\">30<\/td><td>Derechos Humanos: \u00c9tica y Ciudadan\u00eda<\/td><td class=\"has-text-align-center\" data-align=\"center\">3<\/td><\/tr><tr><td class=\"has-text-align-center\" data-align=\"center\">31<\/td><td>Problem\u00e1ticas Actuales de la F\u00edsica<\/td><td class=\"has-text-align-center\" data-align=\"center\">3<\/td><\/tr><tr><td class=\"has-text-align-center\" data-align=\"center\">32<\/td><td>Elementos de la F\u00edsica At\u00f3mica<\/td><td class=\"has-text-align-center\" data-align=\"center\">3<\/td><\/tr><tr><td class=\"has-text-align-center\" data-align=\"center\">33<\/td><td>Producci\u00f3n Social del Conocimiento F\u00edsico<\/td><td class=\"has-text-align-center\" data-align=\"center\">3<\/td><\/tr><tr><td class=\"has-text-align-center\" data-align=\"center\">34<\/td><td>Elementos de la F\u00edsica Cu\u00e1ntica y Relatividad<\/td><td class=\"has-text-align-center\" data-align=\"center\">3<\/td><\/tr><tr><td class=\"has-text-align-center\" data-align=\"center\">35<\/td><td>Astrof\u00edsica<\/td><td class=\"has-text-align-center\" data-align=\"center\">3<\/td><\/tr><tr><td class=\"has-text-align-center\" data-align=\"center\">36<\/td><td>UDI: Investigaci\u00f3n en la Ense\u00f1anza de la F\u00edsica<\/td><td class=\"has-text-align-center\" data-align=\"center\">3<\/td><\/tr><tr><td class=\"has-text-align-center\" data-align=\"center\">37<\/td><td>Pr\u00e1ctica Docente IV<\/td><td class=\"has-text-align-center\" data-align=\"center\">10<\/td><\/tr><\/tbody><\/table><\/figure>\n\n\n\n<figure class=\"wp-block-table is-style-stripes\"><table><tbody><tr><td><strong>Res. N\u00b0 0146\/14 CGE<strong>&nbsp;|&nbsp;R\u00e9gimen de correlatividades<\/strong><\/strong><\/td><td class=\"has-text-align-center\" data-align=\"center\"><a href=\"https:\/\/csjmestrada-ers.infd.edu.ar\/sitio\/wp-content\/uploads\/2023\/03\/Correlativas-Prof-en-Fisica-F.pdf\" target=\"_blank\" rel=\"noreferrer noopener\"><img decoding=\"async\" loading=\"lazy\" width=\"512\" height=\"512\" class=\"wp-image-7346\" style=\"width: 60px;\" src=\"https:\/\/csjmestrada-ers.infd.edu.ar\/sitio\/wp-content\/uploads\/2022\/12\/2932728.png\" alt=\"\" srcset=\"https:\/\/csjmestrada-ers.infd.edu.ar\/sitio\/wp-content\/uploads\/2022\/12\/2932728.png 512w, https:\/\/csjmestrada-ers.infd.edu.ar\/sitio\/wp-content\/uploads\/2022\/12\/2932728-500x500.png 500w\" sizes=\"(max-width: 512px) 100vw, 512px\" \/><\/a><\/td><\/tr><\/tbody><\/table><\/figure>\n","protected":false},"excerpt":{"rendered":"<p>Duraci\u00f3n:\u00a04 a\u00f1os. T\u00edtulo que se otorga:\u00a0Profesor de Educaci\u00f3n Secundaria en F\u00edsica Contenidos:\u00a0la carrera se organiza en torno a campos: Campo de la\u00a0Formaci\u00f3n general, campo de la\u00a0Formaci\u00f3n Espec\u00edfica, y de la formaci\u00f3n en la\u00a0Pr\u00e1ctica Profesional. Cada campo contiene unidades curriculares con diferentes formatos; asignaturas, talleres y seminarios. Plan de estudio Descargar PLAN DE ESTUDIO | Resoluci\u00f3n &#8230; <a title=\"Profesorado para la Educaci\u00f3n Secundaria en F\u00edsica\" class=\"read-more\" href=\"https:\/\/csjmestrada-ers.infd.edu.ar\/sitio\/profesorado-para-la-educacion-secundaria-en-fisica\/\" aria-label=\"More on Profesorado para la Educaci\u00f3n Secundaria en F\u00edsica\">[+]<\/a><\/p>\n","protected":false},"author":471,"featured_media":0,"parent":0,"menu_order":0,"comment_status":"closed","ping_status":"closed","template":"","meta":[],"acf":[],"_links":{"self":[{"href":"https:\/\/csjmestrada-ers.infd.edu.ar\/sitio\/wp-json\/wp\/v2\/pages\/3721"}],"collection":[{"href":"https:\/\/csjmestrada-ers.infd.edu.ar\/sitio\/wp-json\/wp\/v2\/pages"}],"about":[{"href":"https:\/\/csjmestrada-ers.infd.edu.ar\/sitio\/wp-json\/wp\/v2\/types\/page"}],"author":[{"embeddable":true,"href":"https:\/\/csjmestrada-ers.infd.edu.ar\/sitio\/wp-json\/wp\/v2\/users\/471"}],"replies":[{"embeddable":true,"href":"https:\/\/csjmestrada-ers.infd.edu.ar\/sitio\/wp-json\/wp\/v2\/comments?post=3721"}],"version-history":[{"count":35,"href":"https:\/\/csjmestrada-ers.infd.edu.ar\/sitio\/wp-json\/wp\/v2\/pages\/3721\/revisions"}],"predecessor-version":[{"id":11111,"href":"https:\/\/csjmestrada-ers.infd.edu.ar\/sitio\/wp-json\/wp\/v2\/pages\/3721\/revisions\/11111"}],"wp:attachment":[{"href":"https:\/\/csjmestrada-ers.infd.edu.ar\/sitio\/wp-json\/wp\/v2\/media?parent=3721"}],"curies":[{"name":"wp","href":"https:\/\/api.w.org\/{rel}","templated":true}]}}