{"id":12950,"date":"2025-03-13T23:22:50","date_gmt":"2025-03-14T02:22:50","guid":{"rendered":"https:\/\/csjmestrada-ers.infd.edu.ar\/sitio\/?page_id=12950"},"modified":"2026-03-10T11:05:27","modified_gmt":"2026-03-10T14:05:27","slug":"equivalencias-2","status":"publish","type":"page","link":"https:\/\/csjmestrada-ers.infd.edu.ar\/sitio\/equivalencias-2\/","title":{"rendered":"Equivalencias"},"content":{"rendered":"\n<p><strong>\u00bfQu\u00e9 es una equivalencia?<\/strong><\/p>\n\n\n\n<p>La acci\u00f3n administrativa por la cual una unidad curricular aprobada en un instituto terciario o en una universidad puede ser acreditada total o parcialmente en reemplazo de otra unidad curricular que forme parte de tu plan de estudios.<\/p>\n\n\n\n<p><br><strong>\u00bfQu\u00e9 hay que tener en cuenta?<\/strong><\/p>\n\n\n\n<p><br>\u2022 La <strong>aprobaci\u00f3n <\/strong>de la c\u00e1tedra por la cual se solicita equivalencia <strong>no debe ser<\/strong> <strong>mayor a 10 a\u00f1os<\/strong>.<br>\u2022 Se puede pedir equivalencias de c\u00e1tedras <strong>que el r\u00e9gimen de correlatividades te permita <\/strong>en el a\u00f1o en que cursas.<\/p>\n\n\n\n<p><br><strong>\u00bfPuedo cursar?<\/strong><\/p>\n\n\n\n<p><br>Pod\u00e9s elegir no cursar mientras se lleva a cabo el tr\u00e1mite pero tener en cuenta que en caso de no otorgarse equivalencia total corresponde considerar las inasistencias.<\/p>\n\n\n\n<p><br><strong>\u00bfPuedo pedir equivalencia de todas las c\u00e1tedras?<\/strong><\/p>\n\n\n\n<p><br>S\u00f3lo pod\u00e9s pedir equivalencias de las unidades curriculares del campo general y del campo espec\u00edfico.<\/p>\n\n\n\n<p><br><strong>\u00bfQu\u00e9 debo presentar?<\/strong><\/p>\n\n\n\n<p><br><strong>PARA UNIDADES CURRICULARES DEL CAMPO GENERAL:<\/strong><\/p>\n\n\n\n<p><br>1.T\u00edtulo o certificado anal\u00edtico de la carrera de origen, con c\u00e1tedras cursadas y aprobadas, autenticado por autoridad competente).<\/p>\n\n\n\n<p>2. Formulario solicitud de equivalencias <strong>(con todas las unidades curriculares que solicitas del curso para el que te inscribiste)<\/strong>, seg\u00fan r\u00e9gimen de correlatividades. Descargar aqu\u00ed <a href=\"https:\/\/drive.google.com\/file\/d\/1A_qaKyHTHNyMQ6txBYTxFtFTWNpxyJSM\/view?usp=sharing\">Formulario campo general <\/a><\/p>\n\n\n\n<p><strong>PARA UNIDADES CURRICULARES DEL CAMPO ESPEC\u00cdFCO:<\/strong><\/p>\n\n\n\n<p><\/p>\n\n\n\n<p>1.T\u00edtulo o certificado anal\u00edtico de la carrera de origen, con c\u00e1tedras cursadas y aprobadas, autenticado por autoridad competente).<\/p>\n\n\n\n<p>2. Formulario solicitud de equivalencias (<strong>uno por cada unidad curricular que solicite del curso para el que se inscribi\u00f3<\/strong>), respetando el r\u00e9gimen de correlatividades. Descargar aqu\u00ed <a href=\"https:\/\/drive.google.com\/file\/d\/1YJe_qLxMVSqaJMPlRpsD9ftTXZP2LDdm\/view?usp=sharing\">Formulario campo espec\u00edfico<\/a><\/p>\n\n\n\n<p>3. Programa o propuesta de c\u00e1tedra cursada y aprobada (certificada por autoridad competente)<\/p>\n\n\n\n<p><strong>\u00bfC\u00f3mo solicito equivalencia si se trata de la misma carrera?<\/strong><\/p>\n\n\n\n<p>En este caso debes presentar:<\/p>\n\n\n\n<p>1.Certificado anal\u00edtico con las unidades curriculares aprobadas (debe indicar la resoluci\u00f3n del plan de estudios)<\/p>\n\n\n\n<p>2.Nota solicitado la equivalencia directa<\/p>\n\n\n\n<p><\/p>\n\n\n\n<p><strong>\u00bfCu\u00e1ndo y d\u00f3nde presento la documentaci\u00f3n?<\/strong><\/p>\n\n\n\n<p>EQUIVALENCIAS CAMPO DE FORMACI\u00d3N GENERAL (desde el d\u00eda 9 al 25 de marzo en el horario de 19:00 a 23:00 h), en secretar\u00eda.<\/p>\n\n\n\n<p><br>EQUIVALENCIAS DEL CAMPO DE FORMACI\u00d3N ESPEC\u00cdFICA y PR\u00c1CTICA PROFESIONAL (desde el d\u00eda 9 al 25 de marzo en el horario de 19:00 a 23:00 h), en secretar\u00eda.<\/p>\n\n\n\n<p>Formato Papel tener en cuenta la Resoluci\u00f3n <strong><a rel=\"noreferrer noopener\" href=\"https:\/\/csjmestrada-ers.infd.edu.ar\/sitio\/wp-content\/uploads\/2024\/02\/resolucion_0249-24_cge.pdf\" target=\"_blank\">0249<\/a><\/strong>\/24 desde articulo N\u00b0 52 hasta el N\u00b0 67 (EQUIVALENCIAS)?<\/p>\n\n\n\n<p>(Seg\u00fan Calendario Acad\u00e9mico Resoluci\u00f3n N\u00b0 <strong><a href=\"https:\/\/csjmestrada-ers.infd.edu.ar\/sitio\/wp-content\/uploads\/2025\/03\/2024_Res_4240_CGE_Calendario-Escolar-2025.pdf\" target=\"_blank\" rel=\"noreferrer noopener\">4240<\/a><\/strong>\/24 CGE)<\/p>\n\n\n\n<p><br><strong>\u00bfC\u00f3mo me entero del dictamen?<\/strong><\/p>\n\n\n\n<p><strong><br><\/strong>La instituci\u00f3n tiene 45 d\u00edas para resolver la solicitud.<\/p>\n\n\n\n<p><br>Dentro de ese plazo te convocar\u00e1 para notificarte formalmente de la resoluci\u00f3n.<\/p>\n","protected":false},"excerpt":{"rendered":"<p>\u00bfQu\u00e9 es una equivalencia? La acci\u00f3n administrativa por la cual una unidad curricular aprobada en un instituto terciario o en una universidad puede ser acreditada total o parcialmente en reemplazo de otra unidad curricular que forme parte de tu plan de estudios. \u00bfQu\u00e9 hay que tener en cuenta? \u2022 La aprobaci\u00f3n de la c\u00e1tedra por &#8230; <a title=\"Equivalencias\" class=\"read-more\" href=\"https:\/\/csjmestrada-ers.infd.edu.ar\/sitio\/equivalencias-2\/\" aria-label=\"More on Equivalencias\">[+]<\/a><\/p>\n","protected":false},"author":1744,"featured_media":0,"parent":0,"menu_order":0,"comment_status":"closed","ping_status":"closed","template":"","meta":[],"acf":[],"_links":{"self":[{"href":"https:\/\/csjmestrada-ers.infd.edu.ar\/sitio\/wp-json\/wp\/v2\/pages\/12950"}],"collection":[{"href":"https:\/\/csjmestrada-ers.infd.edu.ar\/sitio\/wp-json\/wp\/v2\/pages"}],"about":[{"href":"https:\/\/csjmestrada-ers.infd.edu.ar\/sitio\/wp-json\/wp\/v2\/types\/page"}],"author":[{"embeddable":true,"href":"https:\/\/csjmestrada-ers.infd.edu.ar\/sitio\/wp-json\/wp\/v2\/users\/1744"}],"replies":[{"embeddable":true,"href":"https:\/\/csjmestrada-ers.infd.edu.ar\/sitio\/wp-json\/wp\/v2\/comments?post=12950"}],"version-history":[{"count":3,"href":"https:\/\/csjmestrada-ers.infd.edu.ar\/sitio\/wp-json\/wp\/v2\/pages\/12950\/revisions"}],"predecessor-version":[{"id":14095,"href":"https:\/\/csjmestrada-ers.infd.edu.ar\/sitio\/wp-json\/wp\/v2\/pages\/12950\/revisions\/14095"}],"wp:attachment":[{"href":"https:\/\/csjmestrada-ers.infd.edu.ar\/sitio\/wp-json\/wp\/v2\/media?parent=12950"}],"curies":[{"name":"wp","href":"https:\/\/api.w.org\/{rel}","templated":true}]}}