{"id":1204,"date":"2018-06-28T17:21:36","date_gmt":"2018-06-28T20:21:36","guid":{"rendered":"https:\/\/csjmestrada-ers.infd.edu.ar\/sitio\/tecnicatura-superior-en-administracion-de-empresas\/"},"modified":"2019-10-30T22:05:02","modified_gmt":"2019-10-31T01:05:02","slug":"tecnicatura-superior-en-administracion-de-empresas","status":"publish","type":"page","link":"https:\/\/csjmestrada-ers.infd.edu.ar\/sitio\/tecnicatura-superior-en-administracion-de-empresas\/","title":{"rendered":"Tecnicatura Superior en Administraci\u00f3n de Empresas"},"content":{"rendered":"<table style=\"border: 3px solid #1a06cf;\" border=\"3\">\n<tbody>\n<tr>\n<td>\n<p style=\"text-align: center;\"><span style=\"color: #000080;\">\u00a0<strong>Tecnicatura Superior en Administraci\u00f3n de Empresas<\/strong><\/span><\/p>\n<p><span style=\"font-size: 8pt;\"><strong><span style=\"color: #000080;\">Duraci\u00f3n:<\/span>\u00a0<\/strong>3 a\u00f1os.<\/span><\/p>\n<p><span style=\"font-size: 8pt;\"><span style=\"color: #000080;\"><strong>Titulo que otorga<\/strong><\/span><strong><span style=\"color: #000080;\">:<\/span>\u00a0<\/strong>T\u00e9cnico\/a Sup. en \u00a0Administraci\u00f3n de Empresas\u00a0<\/span><\/p>\n<p><span style=\"font-size: 8pt;\"><span style=\"color: #000080;\"><strong>Alcances del T\u00edtulo:<\/strong><\/span>\u00a0El T\u00e9cnico Superior en Administraci\u00f3n de Empresas \u00a0estar\u00e1 habilitado para organizar, gestionar, asistir y colaborar con la direcci\u00f3n de empresas p\u00fablicas y\/o privadas, o con las entidades gubernamentales y no gubernamentales, para la toma de decisiones relacionadas a la administraci\u00f3n en general, la comercializaci\u00f3n y el control de su gesti\u00f3n. Asesorar, diagnosticar y\/o fundar PyMES.<\/span><\/p>\n<p><span style=\"font-size: 8pt;\"><strong><span style=\"color: #000080;\">Contenidos:<\/span>\u00a0<\/strong>la carrera se organiza en torno a campos: Campo de la\u00a0<strong>Formaci\u00f3n General<\/strong>, campo de la\u00a0<strong>Formaci\u00f3n Espec\u00edfica<\/strong>, y de la formaci\u00f3n en la\u00a0<strong>Pr\u00e1ctica Profesional<\/strong>.<\/span><\/p>\n<p style=\"text-align: center;\"><span style=\"color: #000080; font-size: 8pt;\"><strong>Plan de Estudio aprobado por Res. N\u00ba <strong>0834\/15 CGE<\/strong><\/strong><\/span><\/p>\n<p style=\"text-align: center;\"><span style=\"color: #000080; font-size: 8pt;\"><span style=\"color: #000080;\">\u00a0 \u00a0 \u00a0 \u00a0 \u00a0 \u00a0\u00a0<a title=\"Plan de Estudio - Tecnicatura en GAE\" href=\"upload\/TECNICATURA_SUPERIOR_EN_GAE_-_Plan_de_Estudio_2015_1.doc\" target=\"_blank\" rel=\"noopener\"><img decoding=\"async\" loading=\"lazy\" src=\"https:\/\/csjmestrada-ers.infd.edu.ar\/sitio\/wp-content\/uploads\/2018\/06\/Icono-Word.gif\" width=\"30\" height=\"30\" border=\"0\" \/><\/a><\/span>\u00a0 \u00a0 \u00a0 \u00a0 \u00a0 \u00a0 \u00a0<strong>\u00a0<\/strong><\/span><\/p>\n<p style=\"text-align: center;\"><span style=\"color: #000080; font-size: 8pt;\"><strong>Correlatividades:<\/strong><\/span><\/p>\n<p style=\"text-align: center;\"><span style=\"color: #000080; font-size: 8pt;\"><span style=\"color: #000080;\"><a title=\"Correlatividades - Tecnicatura en GAE\" href=\"upload\/TECNICATURA_SUPERIOR_EN_GAE-_Correlativas_2015.doc\" target=\"_blank\" rel=\"noopener\"><img decoding=\"async\" loading=\"lazy\" src=\"https:\/\/csjmestrada-ers.infd.edu.ar\/sitio\/wp-content\/uploads\/2018\/06\/Icono-Word.gif\" width=\"31\" height=\"31\" border=\"0\" \/><\/a><\/span>\u00a0<\/span><\/p>\n<p style=\"text-align: center;\"><span style=\"color: #000000; font-size: 8pt;\">(Vigente desde 2015 hasta la actualidad)<\/span><\/p>\n<p><span style=\"color: #000080; font-size: 8pt;\">\u00a0 \u00a0 \u00a0 \u00a0\u00a0<img decoding=\"async\" loading=\"lazy\" style=\"display: block; margin-left: auto; margin-right: auto;\" src=\"http:\/\/1.bp.blogspot.com\/_CeYCfO9fhHA\/TUDj5mbkqII\/AAAAAAAACjc\/YKG5rAhnAnU\/s1600\/Manuales_practicos_de_administraci%25C3%25B3n_y_gestion_de_empresas.gif\" width=\"300\" height=\"256\" border=\"0\" \/><\/span><\/p>\n<p><span style=\"font-size: 8pt;\">\u00a0<\/span><\/p>\n<p style=\"text-align: center;\"><span style=\"font-size: 8pt;\"><strong>Para m\u00e1s informaci\u00f3n:<\/strong><\/span><\/p>\n<p style=\"text-align: center;\"><span style=\"font-size: 8pt;\">Horario de Atenci\u00f3n: de lunes a viernes de 18:10 a 22 hs.<\/span><\/p>\n<p style=\"text-align: center;\"><span style=\"font-size: 8pt;\">Direcci\u00f3n: Av. San Mart\u00edn y Juan XXIII.<\/span><\/p>\n<p style=\"text-align: center;\"><span style=\"font-size: 8pt;\">Telef\u00f3no\/Fax: (03438) &#8211; 421.194<\/span><\/p>\n<p style=\"text-align: center;\"><span style=\"font-size: 8pt;\">e-mail:\u00a0colegiojosmanuelestrada@yahoo.com.ar \/ secretariaacademicajme@hotmail.com<\/span><\/p>\n<p style=\"text-align: center;\"><span style=\"font-size: 8pt;\">\u00a0<\/span><\/p>\n<p style=\"text-align: center;\"><span style=\"color: #000000; font-size: 10pt;\"><strong>Actividades en el marco de las Pr\u00e1cticas Profesionalizantes<\/strong><\/span><\/p>\n<p style=\"text-align: center;\"><span style=\"font-size: 12pt;\"><strong><span style=\"color: #000080;\">2016<\/span><\/strong><\/span><\/p>\n<p style=\"text-align: center;\"><span style=\"font-size: 10pt;\"><strong><span style=\"color: #000080;\">Visita a la Feria Emprendiendo Sue\u00f1os de la UNER<\/span><\/strong><\/span><\/p>\n<div style=\"text-align: center;\"><iframe loading=\"lazy\" src=\"https:\/\/www.youtube.com\/embed\/BfAq8gZ8sqg\" width=\"560\" height=\"315\" frameborder=\"0\" allowfullscreen=\"allowfullscreen\"><\/iframe>\n <\/div>\n<p style=\"text-align: center;\"><span style=\"font-size: 8pt; color: #000000;\">Estudiantes de 1\u00b0 y 2\u00b0 a\u00f1o de la Tecnicatura en Administraci\u00f3n de Empresas junto a la Coordinadora Cra. M\u00f3nica Avero y al Prof. Leandro Gotte se hicieron presentes en la <\/span><strong><span style=\"font-size: 8pt;\">\u00abFeria Emprendiendo Sue\u00f1os\u00bb<\/span><\/strong><span style=\"font-size: 8pt; color: #000000;\"> organizada por la Facultad de Ciencias Econ\u00f3micas de la UNER de Paran\u00e1. La misma convoca a diferentes artesanos y emprendedores de la regi\u00f3n y es coordinada desde la Secretar\u00eda de Extensi\u00f3n universitaria como instancia de pr\u00e1cticas de diferentes espacios de la carrera de contador p\u00fablico. Nuestros estudiantes y docentes tuvieron oportunidad de entrevistar a sus pares de la universidad en un di\u00e1logo muy ameno con la vicedecana Silvina Ferreyra.<\/span><\/p>\n<div style=\"visibility: visible; width: 460px; margin: auto;\"><\/div>\n<\/td>\n<\/tr>\n<\/tbody>\n<\/table>\n","protected":false},"excerpt":{"rendered":"<p>\u00a0Tecnicatura Superior en Administraci\u00f3n de Empresas Duraci\u00f3n:\u00a03 a\u00f1os. Titulo que otorga:\u00a0T\u00e9cnico\/a Sup. en \u00a0Administraci\u00f3n de Empresas\u00a0 Alcances del T\u00edtulo:\u00a0El T\u00e9cnico Superior en Administraci\u00f3n de Empresas \u00a0estar\u00e1 habilitado para organizar, gestionar, asistir y colaborar con la direcci\u00f3n de empresas p\u00fablicas y\/o privadas, o con las entidades gubernamentales y no gubernamentales, para la toma de decisiones relacionadas &#8230; <a title=\"Tecnicatura Superior en Administraci\u00f3n de Empresas\" class=\"read-more\" href=\"https:\/\/csjmestrada-ers.infd.edu.ar\/sitio\/tecnicatura-superior-en-administracion-de-empresas\/\" aria-label=\"More on Tecnicatura Superior en Administraci\u00f3n de Empresas\">[+]<\/a><\/p>\n","protected":false},"author":637,"featured_media":0,"parent":0,"menu_order":0,"comment_status":"closed","ping_status":"closed","template":"","meta":[],"acf":[],"_links":{"self":[{"href":"https:\/\/csjmestrada-ers.infd.edu.ar\/sitio\/wp-json\/wp\/v2\/pages\/1204"}],"collection":[{"href":"https:\/\/csjmestrada-ers.infd.edu.ar\/sitio\/wp-json\/wp\/v2\/pages"}],"about":[{"href":"https:\/\/csjmestrada-ers.infd.edu.ar\/sitio\/wp-json\/wp\/v2\/types\/page"}],"author":[{"embeddable":true,"href":"https:\/\/csjmestrada-ers.infd.edu.ar\/sitio\/wp-json\/wp\/v2\/users\/637"}],"replies":[{"embeddable":true,"href":"https:\/\/csjmestrada-ers.infd.edu.ar\/sitio\/wp-json\/wp\/v2\/comments?post=1204"}],"version-history":[{"count":5,"href":"https:\/\/csjmestrada-ers.infd.edu.ar\/sitio\/wp-json\/wp\/v2\/pages\/1204\/revisions"}],"predecessor-version":[{"id":2861,"href":"https:\/\/csjmestrada-ers.infd.edu.ar\/sitio\/wp-json\/wp\/v2\/pages\/1204\/revisions\/2861"}],"wp:attachment":[{"href":"https:\/\/csjmestrada-ers.infd.edu.ar\/sitio\/wp-json\/wp\/v2\/media?parent=1204"}],"curies":[{"name":"wp","href":"https:\/\/api.w.org\/{rel}","templated":true}]}}