{"id":1132,"date":"2018-06-28T17:21:05","date_gmt":"2018-06-28T20:21:05","guid":{"rendered":"https:\/\/csjmestrada-ers.infd.edu.ar\/sitio\/profesorado-de-educacion-especial\/"},"modified":"2026-02-25T19:40:13","modified_gmt":"2026-02-25T22:40:13","slug":"profesorado-de-educacion-especial","status":"publish","type":"page","link":"https:\/\/csjmestrada-ers.infd.edu.ar\/sitio\/profesorado-de-educacion-especial\/","title":{"rendered":"Profesorado de Educaci\u00f3n Especial"},"content":{"rendered":"<div class=\"wp-block-image\">\n<figure class=\"aligncenter size-full\"><img decoding=\"async\" loading=\"lazy\" width=\"1584\" height=\"396\" src=\"https:\/\/csjmestrada-ers.infd.edu.ar\/sitio\/wp-content\/uploads\/2022\/12\/Educacion-Especial.jpg\" alt=\"\" class=\"wp-image-7312\" srcset=\"https:\/\/csjmestrada-ers.infd.edu.ar\/sitio\/wp-content\/uploads\/2022\/12\/Educacion-Especial.jpg 1584w, https:\/\/csjmestrada-ers.infd.edu.ar\/sitio\/wp-content\/uploads\/2022\/12\/Educacion-Especial-1000x250.jpg 1000w, https:\/\/csjmestrada-ers.infd.edu.ar\/sitio\/wp-content\/uploads\/2022\/12\/Educacion-Especial-768x192.jpg 768w, https:\/\/csjmestrada-ers.infd.edu.ar\/sitio\/wp-content\/uploads\/2022\/12\/Educacion-Especial-1536x384.jpg 1536w\" sizes=\"(max-width: 1584px) 100vw, 1584px\" \/><\/figure><\/div>\n\n\n<figure class=\"wp-block-table\"><table><tbody><tr><td class=\"has-text-align-center\" data-align=\"center\"><span style=\"font-size: 14pt; color: #000080;\">&nbsp; &nbsp; &nbsp; &nbsp; &nbsp; &nbsp; &nbsp; &nbsp; &nbsp; &nbsp; &nbsp; &nbsp; &nbsp; &nbsp; &nbsp; &nbsp; &nbsp; &nbsp; &nbsp; &nbsp; &nbsp; &nbsp; &nbsp; &nbsp; &nbsp; &nbsp; &nbsp; &nbsp; &nbsp; &nbsp; &nbsp; &nbsp; &nbsp; &nbsp;<\/span><p><span style=\"font-size: 8pt;\"><strong><span style=\"color: #000080;\">Duraci\u00f3n:<\/span>&nbsp;<\/strong>4 a\u00f1os.<\/span><\/p> <p><span style=\"font-size: 8pt;\"><strong><span style=\"color: #000080;\">T\u00edtulo que se otorga:<\/span>&nbsp;<\/strong>Profesor\/a de Educaci\u00f3n Especial, Orientaci\u00f3n en Discapacidad Intelectual.<br><\/span><\/p> <p><span style=\"font-size: 8pt;\"><strong><span style=\"color: #000080;\">Campo Ocupacional:<\/span>&nbsp;<\/strong>El Profesor de Educaci\u00f3n Especial podr\u00e1 dise\u00f1ar, desarrollar, acompa\u00f1ar, orientar y evaluar procesos de ense\u00f1anza y aprendizaje para la educaci\u00f3n de personas con discapacidad, en sus diferentes niveles; participar en la elaboraci\u00f3n y evaluaci\u00f3n de planes, programas y proyectos en instituciones formales y no formales.<\/span><\/p> <p><span style=\"font-size: 8pt;\"><strong><span style=\"color: #000080;\">Contenidos:<\/span>&nbsp;<\/strong>la carrera se organiza en torno a campos: Campo de la&nbsp;<strong>Formaci\u00f3n general<\/strong>, campo de la&nbsp;<strong>Formaci\u00f3n Espec\u00edfica<\/strong>, y de la formaci\u00f3n en la&nbsp;<strong>Pr\u00e1ctica Profesional<\/strong>. Cada campo contiene unidades curriculares con diferentes formatos; asignaturas, talleres y seminarios.<\/span><\/p> <p><span style=\"font-size: 8pt;\">&nbsp;<\/span><\/p> <p style=\"text-align: center;\"><span style=\"font-size: 8pt;\"><strong><span style=\"color: #000080;\">PROFESORADO DE EDUCACI\u00d3N ESPECIAL CON ORIENTACION EN DISCAPACIDAD INTELECTUAL<\/span>&nbsp;<\/strong><\/span><\/p> <p style=\"text-align: center;\"><span style=\"font-size: 8pt;\"><strong>&nbsp;<span style=\"color: #000080;\">Plan de Estudios aprobado por Res.&nbsp;N\u00ba 0976\/17 CGE y Res. 5733\/17 CGE<\/span><\/strong><\/span><\/p> <figure><a title=\"Plan de estudio Profesorado Especial -2017 -\" rel=\"noopener\" href=\"upload\/caja_curricular_especial_2017_1.docx\" target=\"_blank\"><img decoding=\"async\" loading=\"lazy\" width=\"45\" height=\"45\" border=\"0\" src=\"https:\/\/csjmestrada-ers.infd.edu.ar\/sitio\/wp-content\/uploads\/2018\/06\/Icono-Word.gif\"><\/a><\/figure><p style=\"text-align: center;\"><span style=\"font-size: 8pt;\"><strong>&nbsp; &nbsp; &nbsp; &nbsp; &nbsp;&nbsp; &nbsp; &nbsp; &nbsp; &nbsp; &nbsp;&nbsp;<\/strong><\/span><\/p> <p style=\"text-align: center;\"><span style=\"font-size: 8pt;\"><strong>Correlativas:&nbsp;<\/strong><\/span><\/p> <figure><a href=\"https:\/\/des-ers.infd.edu.ar\/sitio\/upload\/RES_4706-17_CGE.pdf\"><img decoding=\"async\" loading=\"lazy\" width=\"45\" height=\"45\" border=\"0\" src=\"https:\/\/csjmestrada-ers.infd.edu.ar\/sitio\/wp-content\/uploads\/2018\/06\/Icono-Word.gif\"><\/a><\/figure><p style=\"text-align: center;\"><span style=\"font-size: 8pt;\"><\/span><\/p> <p style=\"text-align: center;\"><span style=\"font-size: 8pt;\">(Vigente desde 2017 hasta la actualidad)<\/span><\/p> <p style=\"text-align: center;\"><span style=\"font-size: 8pt;\">(Para estudiantes de&nbsp; 1\u00ba y 2\u00ba a\u00f1os &#8211; Ciclo acad\u00e9mico 2018)<\/span><\/p> <p><span style=\"font-size: 8pt;\">&nbsp;<\/span><\/p> <p style=\"text-align: center;\"><span style=\"font-size: 8pt;\"><strong><span style=\"color: #000080;\">_________________________________________________________<\/span><\/strong><\/span><\/p> <p style=\"text-align: center;\"><span style=\"font-size: 8pt;\">&nbsp;<\/span><\/p> <p style=\"text-align: center;\"><span style=\"font-size: 8pt;\"><strong><span style=\"color: #000080;\">PROFESORADO DE EDUCACI\u00d3N ESPECIAL<\/span><\/strong><\/span><\/p> <p style=\"text-align: center;\"><span style=\"font-size: 8pt;\"><strong><span style=\"color: #000080;\">Plan de Estudios aprobado por Res. N\u00b0 0298\/10 CGE<\/span><\/strong><\/span><\/p> <figure><a title=\"Plan de estudio - Profesorado Educacion Especial\" rel=\"noopener\" href=\"upload\/PROFESORADO_DE_EDUCACION_ESPECIAL_-_Plan_de_Estudio_2014.doc\" target=\"_blank\"><img decoding=\"async\" loading=\"lazy\" width=\"45\" height=\"45\" border=\"0\" src=\"https:\/\/csjmestrada-ers.infd.edu.ar\/sitio\/wp-content\/uploads\/2018\/06\/Icono-Word.gif\"><\/a><\/figure><p style=\"text-align: center;\"><span style=\"font-size: 8pt;\"><strong><span style=\"color: #000080;\"><\/span><\/strong><\/span><\/p> <p style=\"text-align: center;\"><span style=\"font-size: 8pt;\"><strong><span style=\"color: #000080;\">Correlativas<\/span><\/strong><strong><span style=\"color: #000080;\">:&nbsp;<\/span><\/strong><\/span><\/p> <figure><a title=\"Profesorado de Educacion especial -plan 0298 - correlatividades\" rel=\"noopener\" href=\"upload\/PROFESORADO_DE_EDUCACION_ESPECIAL_-_correlativas_2014.doc\" target=\"_blank\"><img decoding=\"async\" loading=\"lazy\" width=\"45\" height=\"45\" border=\"0\" src=\"https:\/\/csjmestrada-ers.infd.edu.ar\/sitio\/wp-content\/uploads\/2018\/06\/Icono-Word.gif\"><\/a><\/figure><p style=\"text-align: center;\"><span style=\"font-size: 8pt;\"><strong><span style=\"color: #000080;\"><\/span><\/strong><\/span><\/p> <p style=\"text-align: center;\"><span style=\"color: #000000; font-size: 8pt;\"><strong>(Vigente desde 2011-2016) <\/strong><\/span><\/p> <p style=\"text-align: center;\"><span style=\"font-size: 8pt;\"><span style=\"color: #000080;\">(Para estudiantes de&nbsp; 3er. a\u00f1o &#8211; ciclo acad\u00e9mico 2018)<\/span><\/span><\/p><p style=\"text-align: center;\"><span style=\"font-size: 8pt;\">&nbsp;<\/span><\/p> <p><span style=\"font-size: 8pt;\">&nbsp; &nbsp; &nbsp; &nbsp; &nbsp;&nbsp;<\/span><\/p> <\/td><\/tr><\/tbody><\/table><\/figure>\n","protected":false},"excerpt":{"rendered":"<p>&nbsp; &nbsp; &nbsp; &nbsp; &nbsp; &nbsp; &nbsp; &nbsp; &nbsp; &nbsp; &nbsp; &nbsp; &nbsp; &nbsp; &nbsp; &nbsp; &nbsp; &nbsp; &nbsp; &nbsp; &nbsp; &nbsp; &nbsp; &nbsp; &nbsp; &nbsp; &nbsp; &nbsp; &nbsp; &nbsp; &nbsp; &nbsp; &nbsp; &nbsp; Duraci\u00f3n:&nbsp;4 a\u00f1os. T\u00edtulo que se otorga:&nbsp;Profesor\/a de Educaci\u00f3n Especial, Orientaci\u00f3n en Discapacidad Intelectual. Campo Ocupacional:&nbsp;El Profesor de Educaci\u00f3n Especial podr\u00e1 dise\u00f1ar, &#8230; <a title=\"Profesorado de Educaci\u00f3n Especial\" class=\"read-more\" href=\"https:\/\/csjmestrada-ers.infd.edu.ar\/sitio\/profesorado-de-educacion-especial\/\" aria-label=\"More on Profesorado de Educaci\u00f3n Especial\">[+]<\/a><\/p>\n","protected":false},"author":637,"featured_media":0,"parent":0,"menu_order":0,"comment_status":"closed","ping_status":"closed","template":"","meta":[],"acf":[],"_links":{"self":[{"href":"https:\/\/csjmestrada-ers.infd.edu.ar\/sitio\/wp-json\/wp\/v2\/pages\/1132"}],"collection":[{"href":"https:\/\/csjmestrada-ers.infd.edu.ar\/sitio\/wp-json\/wp\/v2\/pages"}],"about":[{"href":"https:\/\/csjmestrada-ers.infd.edu.ar\/sitio\/wp-json\/wp\/v2\/types\/page"}],"author":[{"embeddable":true,"href":"https:\/\/csjmestrada-ers.infd.edu.ar\/sitio\/wp-json\/wp\/v2\/users\/637"}],"replies":[{"embeddable":true,"href":"https:\/\/csjmestrada-ers.infd.edu.ar\/sitio\/wp-json\/wp\/v2\/comments?post=1132"}],"version-history":[{"count":12,"href":"https:\/\/csjmestrada-ers.infd.edu.ar\/sitio\/wp-json\/wp\/v2\/pages\/1132\/revisions"}],"predecessor-version":[{"id":13942,"href":"https:\/\/csjmestrada-ers.infd.edu.ar\/sitio\/wp-json\/wp\/v2\/pages\/1132\/revisions\/13942"}],"wp:attachment":[{"href":"https:\/\/csjmestrada-ers.infd.edu.ar\/sitio\/wp-json\/wp\/v2\/media?parent=1132"}],"curies":[{"name":"wp","href":"https:\/\/api.w.org\/{rel}","templated":true}]}}