{"id":1130,"date":"2018-06-28T17:21:04","date_gmt":"2018-06-28T20:21:04","guid":{"rendered":"https:\/\/csjmestrada-ers.infd.edu.ar\/sitio\/profesorado-de-educacion-inicial\/"},"modified":"2023-05-09T19:43:51","modified_gmt":"2023-05-09T22:43:51","slug":"profesorado-de-educacion-inicial","status":"publish","type":"page","link":"https:\/\/csjmestrada-ers.infd.edu.ar\/sitio\/profesorado-de-educacion-inicial\/","title":{"rendered":"Profesorado de Educaci\u00f3n Inicial"},"content":{"rendered":"\n<p class=\"has-small-font-size\"><p><span style=\"font-size: 8pt;\"><span style=\"color: #333399;\"><strong>Duraci\u00f3n:<\/strong><\/span>\u00a04 a\u00f1os<\/span><\/p><\/p>\n\n\n\n<p class=\"has-small-font-size\"><p><span style=\"font-size: 8pt;\"><span style=\"color: #333399;\"><strong>T\u00edtulo que se otorga:<\/strong><\/span>\u00a0Profesor\/a de\u00a0 Nivel Inicial<\/span><\/p><\/p>\n\n\n\n<p class=\"has-small-font-size\"><p><span style=\"font-size: 8pt;\"><span style=\"color: #333399;\"><strong>Campo Ocupacional:<\/strong><\/span>\u00a0El Profesor de Educaci\u00f3n Inicial podr\u00e1, dise\u00f1ar, desarrollar y evaluar procesos de ense\u00f1anza para la educaci\u00f3n inicial, entendida como unidad pedag\u00f3gica que comprende jard\u00edn maternal y jard\u00edn de infantes, y participar en la elaboraci\u00f3n y evaluaci\u00f3n de planes, programas y proyectos en instituciones formales y no formales.<\/span><\/p><\/p>\n\n\n\n<p class=\"has-small-font-size\"><p><span style=\"font-size: 8pt;\"><span style=\"color: #333399;\"><strong>Contenidos:<\/strong><\/span>\u00a0la carrera se organiza en torno a campos: Campo de la\u00a0<strong>Formaci\u00f3n General<\/strong>, campo de la\u00a0<strong>Formaci\u00f3n Espec\u00edfica<\/strong>, y de la formaci\u00f3n en la\u00a0<strong>Pr\u00e1ctica Profesional<\/strong>. Cada campo contiene unidades curriculares con diferentes formatos; asignaturas, talleres y seminarios.<\/span><span style=\"background-color: rgba(58, 58, 58, 0.2); font-family: inherit; font-size: inherit; font-weight: inherit;\"> <\/span><\/p><\/p>\n\n\n\n<p class=\"has-text-align-center\"><strong>Plan de Estudios aprobado por Res. N\u00b0&nbsp; 4165\/14 CGE&nbsp; y Res. 3518\/15 CGE:&nbsp;<\/strong><\/p>\n\n\n<div class=\"wp-block-image\">\n<figure class=\"aligncenter\"><a href=\"https:\/\/csjmestrada-ers.infd.edu.ar\/sitio\/wp-admin\/upload\/PROFESORADO_DE_EDUCACION_INICIAL_-_Plan_de_Estudio_2015.doc\" target=\"_blank\" rel=\"noreferrer noopener\"><img decoding=\"async\" src=\"https:\/\/csjmestrada-ers.infd.edu.ar\/sitio\/wp-content\/uploads\/2018\/06\/Icono-Word.gif\" alt=\"\"\/><\/a><\/figure><\/div>\n\n\n<p class=\"has-text-align-center\"><strong>Correlativas:<\/strong><\/p>\n\n\n<div class=\"wp-block-image\">\n<figure class=\"aligncenter\"><a href=\"https:\/\/csjmestrada-ers.infd.edu.ar\/sitio\/wp-admin\/upload\/PROFESORADO_DE_EDUCACION_INICIAL_-__Res_4165-14_-_Correlativas_2015.doc\" target=\"_blank\" rel=\"noreferrer noopener\"><img decoding=\"async\" src=\"https:\/\/csjmestrada-ers.infd.edu.ar\/sitio\/wp-content\/uploads\/2018\/06\/Icono-Word.gif\" alt=\"\"\/><\/a><\/figure><\/div>\n\n\n<p class=\"has-text-align-center\"><strong>(Vigente desde 2015 hasta la actualidad)<\/strong><\/p>\n\n\n\n<p class=\"has-text-align-center\"><strong>______________________________________________<\/strong><\/p>\n\n\n\n<p class=\"has-text-align-center\"><strong>&nbsp;Plan de Estudios aprobado por Res.&nbsp;N\u00b0 5420\/08 CGE)<\/strong><\/p>\n\n\n<div class=\"wp-block-image\">\n<figure class=\"aligncenter\"><a href=\"https:\/\/csjmestrada-ers.infd.edu.ar\/sitio\/wp-admin\/upload\/PROFESORADO_DE_EDUCACION_INICIAL_-_Plan_de_Estudio_2014.doc\" target=\"_blank\" rel=\"noreferrer noopener\"><img decoding=\"async\" src=\"https:\/\/csjmestrada-ers.infd.edu.ar\/sitio\/wp-content\/uploads\/2018\/06\/Icono-Word.gif\" alt=\"\"\/><\/a><\/figure><\/div>\n\n\n<p class=\"has-text-align-center\"><strong>(Vigente desde 2009 -2014)<\/strong><\/p>\n\n\n\n<p class=\"has-text-align-center\"><strong>______________________________________________<\/strong><\/p>\n\n\n\n<p class=\"has-text-align-center\"><strong>Plan de Estudios aprobado por&nbsp;&nbsp;Decreto N\u00b0 1631\/01 MGJE<\/strong><\/p>\n\n\n<div class=\"wp-block-image\">\n<figure class=\"aligncenter\"><a href=\"https:\/\/csjmestrada-ers.infd.edu.ar\/sitio\/wp-content\/uploads\/2023\/05\/Prof.-de-Educacion-Inicial.pdf\"><img decoding=\"async\" src=\"https:\/\/csjmestrada-ers.infd.edu.ar\/sitio\/wp-content\/uploads\/2018\/06\/Icono-Word.gif\" alt=\"\"\/><\/a><\/figure><\/div>\n\n\n<p class=\"has-text-align-center\"><strong>(Vigente hasta 2008)<\/strong><\/p>\n\n\n\n<figure class=\"wp-block-embed is-type-video is-provider-youtube wp-block-embed-youtube wp-embed-aspect-4-3 wp-has-aspect-ratio\"><div class=\"wp-block-embed__wrapper\">\n<iframe loading=\"lazy\" title=\"Profesorado de Educaci\u00f3n Inicial\" width=\"1200\" height=\"900\" src=\"https:\/\/www.youtube.com\/embed\/1ljRsjg4GGc?feature=oembed\" frameborder=\"0\" allow=\"accelerometer; autoplay; clipboard-write; encrypted-media; gyroscope; picture-in-picture; web-share\" allowfullscreen><\/iframe>\n<\/div><\/figure>\n\n\n\n<p><span style=\"font-size: 8pt;\">&nbsp;<\/span><\/p>\n\n\n\n<p><span style=\"font-size: 8pt;\">&nbsp;<\/span><\/p>\n","protected":false},"excerpt":{"rendered":"<p>Duraci\u00f3n:\u00a04 a\u00f1os T\u00edtulo que se otorga:\u00a0Profesor\/a de\u00a0 Nivel Inicial Campo Ocupacional:\u00a0El Profesor de Educaci\u00f3n Inicial podr\u00e1, dise\u00f1ar, desarrollar y evaluar procesos de ense\u00f1anza para la educaci\u00f3n inicial, entendida como unidad pedag\u00f3gica que comprende jard\u00edn maternal y jard\u00edn de infantes, y participar en la elaboraci\u00f3n y evaluaci\u00f3n de planes, programas y proyectos en instituciones formales y &#8230; <a title=\"Profesorado de Educaci\u00f3n Inicial\" class=\"read-more\" href=\"https:\/\/csjmestrada-ers.infd.edu.ar\/sitio\/profesorado-de-educacion-inicial\/\" aria-label=\"More on Profesorado de Educaci\u00f3n Inicial\">[+]<\/a><\/p>\n","protected":false},"author":637,"featured_media":0,"parent":0,"menu_order":0,"comment_status":"closed","ping_status":"closed","template":"","meta":[],"acf":[],"_links":{"self":[{"href":"https:\/\/csjmestrada-ers.infd.edu.ar\/sitio\/wp-json\/wp\/v2\/pages\/1130"}],"collection":[{"href":"https:\/\/csjmestrada-ers.infd.edu.ar\/sitio\/wp-json\/wp\/v2\/pages"}],"about":[{"href":"https:\/\/csjmestrada-ers.infd.edu.ar\/sitio\/wp-json\/wp\/v2\/types\/page"}],"author":[{"embeddable":true,"href":"https:\/\/csjmestrada-ers.infd.edu.ar\/sitio\/wp-json\/wp\/v2\/users\/637"}],"replies":[{"embeddable":true,"href":"https:\/\/csjmestrada-ers.infd.edu.ar\/sitio\/wp-json\/wp\/v2\/comments?post=1130"}],"version-history":[{"count":3,"href":"https:\/\/csjmestrada-ers.infd.edu.ar\/sitio\/wp-json\/wp\/v2\/pages\/1130\/revisions"}],"predecessor-version":[{"id":8720,"href":"https:\/\/csjmestrada-ers.infd.edu.ar\/sitio\/wp-json\/wp\/v2\/pages\/1130\/revisions\/8720"}],"wp:attachment":[{"href":"https:\/\/csjmestrada-ers.infd.edu.ar\/sitio\/wp-json\/wp\/v2\/media?parent=1130"}],"curies":[{"name":"wp","href":"https:\/\/api.w.org\/{rel}","templated":true}]}}